What is the units digit of z?
2
Let v(n) = -4*n**3 - 4*n**2 - 5*n + 5. Let d be v(-5). Suppose 10*y = 15*y - d. What is the tens digit of y?
8
Let t = 17 - 17. What is the tens digit of 0 + t + 18 + 36?
5
Let l(x) = x**3 - 16*x**2 + 28*x - 10. What is the tens digit of l(17)?
5
Suppose -4*f + 5052 = 8*f. What is the tens digit of f?
2
Suppose -3*l = -2*x - 1050, l - 2*x - 70 - 280 = 0. What is the hundreds digit of l?
3
Suppose -o - 12 = 3*o, -2*o = -v + 62. Let q = v - 12. What is the units digit of q?
4
Suppose 0 = g - 457 + 164. Suppose -g - 526 = -9*p. What is the tens digit of p?
9
Suppose 0 = -188*m + 185*m + 345. Let u = -70 + m. What is the tens digit of u?
4
Let u = 24 - 22. Suppose -u*n + 8 = 2. Suppose n*r - 16 - 20 = 0. What is the units digit of r?
2
Let a(p) = -15*p + 203. What is the tens digit of a(-34)?
1
Let f = -562 - -1211. What is the hundreds digit of f?
6
Let r be 336 + (-14 - -2)/3. Suppose -52 - r = 4*o. What is the units digit of (2/(-4))/(12/o)?
4
Suppose -21*x = -3543 + 1065. What is the tens digit of x?
1
Suppose -116 = x + 3*x. Let u = 31 - x. What is the units digit of u?
0
Suppose 2*w - 31 = 3*s, -2*w - w - 2*s = -14. Suppose -h = -2*h + w. Let r(m) = -m**3 + 10*m**2 - 11*m + 5. What is the units digit of r(h)?
5
Let d be 0 + 1 + -4 - 318/(-1). Suppose 11*v - 356 = d. What is the units digit of v?
1
Let m = -1714 + 4502. What is the thousands digit of m?
2
Let a(n) = n**2 + 27*n + 43. Let q be a(-25). Let g(p) be the third derivative of -3*p**4/8 + p**3/3 + p**2. What is the tens digit of g(q)?
6
Let c = 1026 - -112. What is the hundreds digit of c?
1
What is the thousands digit of ((-6005)/(-45))/(2/18)?
1
Let z(k) = k**3 + 11*k**2 + 11*k + 12. Let t be z(-10). Suppose 5*c - 25 = -3*o + 23, -4*o - 40 = -t*c. Suppose -24 - c = -y. What is the tens digit of y?
3
Suppose j = -0*j - 55. Let k = -37 - -119. Let n = j + k. What is the units digit of n?
7
Let l(t) = -t**2 - 4*t - 9. Let s be l(-4). What is the units digit of (-2)/s - (-50)/18?
3
Suppose -287 = -15*y + 14*y. What is the units digit of y?
7
Let n = -4 - -7. Suppose 15 + 27 = -n*z. What is the tens digit of (-3)/2 - 567/z?
3
Let t = 798 - 811. Let o = 11 - -8. Let w = t + o. What is the units digit of w?
6
Let r(c) = -81*c + 170. What is the hundreds digit of r(-8)?
8
Let o = -1 - 7. Let k = 31 - o. Let h = -17 + k. What is the units digit of h?
2
Let y = -19 + 54. What is the tens digit of (-10)/y + 849/7?
2
Let d(k) = 129*k**2 - 14*k + 4. What is the units digit of d(-2)?
8
Suppose -9*s = 3*s - 48. Let n(t) = 4*t**3 - 5*t**2 - 5*t + 10. What is the hundreds digit of n(s)?
1
Suppose -24*a = -4289 + 353. What is the tens digit of a?
6
What is the units digit of (-4)/(-18) + 0 + (-76890)/(-270)?
5
What is the hundreds digit of 4/(-10) + (-227344)/(-260)?
8
Suppose 0 = -3*m + 1752 - 477. What is the units digit of m?
5
Let l be (-12)/30*(0 + 25). Let t = -35 - l. Let b = 45 + t. What is the units digit of b?
0
Suppose 0 = -5*u, 33 = -5*n + 2*n + 4*u. Let b(g) = -g**3 - 12*g**2 - 12*g - 8. What is the units digit of b(n)?
3
Let y be (4/(-9))/((-4)/18). Suppose z + 4 + 4 = -y*s, 5*z = -4*s - 28. What is the tens digit of (0 + z/4)*-13?
1
Let r(t) = -t**2 - 8*t - 3. Let n be r(-7). Suppose -5*b + 61 = -3*x, -2*x - x = 5*b - 49. Suppose -n*d - b = -43. What is the units digit of d?
8
Suppose -9*d + 10*d = 57. Suppose 2*o - 158 = -5*b, -2*b - 5*o + 2 = -d. Suppose -2*z + 2 = -3*u + 10, -2*u = 4*z - b. What is the units digit of u?
6
Let m(b) = -2*b + 26. Let t be m(11). Suppose -2*h - 2*u + 60 = -48, 0 = -t*u - 16. What is the tens digit of h?
5
Suppose z + 10 = -f, 8 = -2*f + 5*z - 26. Suppose 2*u - p = 256, -2*u - p = -37 - 211. What is the units digit of (u/f)/((-2)/8)?
2
Suppose 5*d + 4*p - 732 = 0, -7*d = -4*d + 4*p - 444. Suppose -a = 2*a - d. What is the units digit of a?
8
Suppose -2*a + 12173 = 2805. What is the tens digit of a?
8
Let w = -13 - -15. Let p be (-5)/(-2) - w/4. What is the tens digit of ((-44)/(-8))/(p/4)?
1
Suppose 27*m = 25*m + 1906. What is the hundreds digit of m?
9
Let z = -236 + 545. Suppose -4*v - p + z = 0, 6*p = v + 2*p - 73. What is the tens digit of v?
7
Let v be 16/1*(-376)/(-32). Suppose 3*a = a + 4*n + v, 2*n + 10 = 0. What is the tens digit of a?
8
Suppose -3*h + 21 = -0*h. What is the units digit of 1 - (-9 - -3)*h?
3
What is the units digit of (-4)/(-7) + 28737/21?
9
What is the thousands digit of (5 - (-45)/(-6))/(8/(-8272))?
2
Let l = 2509 + 20. What is the thousands digit of l?
2
Suppose x - 3*x - 3*u - 237 = 0, -x + 3*u = 114. What is the units digit of (-4)/(-18) - 10153/x?
7
Suppose o + 174 + 325 = 2*l, -3*o = -3*l + 744. What is the tens digit of l?
5
Suppose -j + 5*h - 8 - 12 = 0, -5*h = j - 20. Suppose j = n - 6*n - 100. Let s = n - -22. What is the units digit of s?
2
Suppose 3*q + q = 52. Suppose 4*f - q - 11 = 0. What is the units digit of f?
6
Let o = 2799 - 55. What is the hundreds digit of o?
7
Let i be (40/(-16))/(-1*2/4). Suppose 2*j - 14 + 0 = 4*r, 0 = i*r - 20. What is the units digit of j?
5
Let l(x) = 7*x**3 - 57*x - 2. What is the thousands digit of l(7)?
2
Let p be 1 + ((-28)/2)/(-2). Suppose -132 = -8*i + 2*i. Let r = p + i. What is the tens digit of r?
3
Suppose 7*d + 16 = 15*d. Suppose x + d*a + 7 = 32, -5*x = 3*a - 125. What is the tens digit of x?
2
Let d(c) = 2*c**2 + 3*c + 5. Let g be d(-2). What is the tens digit of 1433/9 + -4*g/126?
5
Let d be 1/(-1)*-43 + -1. Let r = d - 10. Let o = -13 + r. What is the units digit of o?
9
Suppose 4*d = 12, -3*v - 4*d + 4284 = -7*d. What is the thousands digit of v?
1
Suppose 26*q + 7 = 19*q. Let k(a) = 129*a**2 - 3*a - 1. What is the units digit of k(q)?
1
Suppose 178*o - 200*o = -29150. What is the tens digit of o?
2
Let u be ((-108)/24)/(1/14). Let t = 88 + u. What is the tens digit of t?
2
Let t = -1538 + 2011. What is the tens digit of t?
7
Let y = -13 + 19. Suppose 72 - 6 = y*j. Let z = -7 + j. What is the units digit of z?
4
Suppose 0 = 6*r - 36 - 24. Suppose 0 = 15*q - r*q - 165. What is the units digit of q?
3
Suppose 1 + 7 = -2*k. What is the tens digit of -2*(k - -3)*5?
1
Let d = 14 + 0. Suppose -16*y = -d*y - 8. Suppose 271 = y*a - i, -2*a = 4*i - 156 + 16. What is the units digit of a?
8
Let a(p) = 8*p**2 + 73*p - 147. What is the tens digit of a(2)?
3
Suppose 0 = 2*o - 1294 + 234. What is the hundreds digit of o?
5
Let i(z) = -19*z. Suppose 0 = 4*n + 2*j - 10, 2*n - 4*j + 7 = -3*n. Suppose -5*m = -n + 6. What is the tens digit of i(m)?
1
Let d(o) = o**3 - 24*o**2 + 26*o + 31. Let m be d(24). Suppose -4*r - m = -3*f, 3*r + 654 = 4*f - f. What is the units digit of f?
7
Suppose -3*r = 4*b - 5364, 537 = -4*b - 2*r + 5905. What is the thousands digit of b?
1
What is the units digit of (-161160)/(-96) + -2 + (-18)/(-8)?
9
What is the units digit of 47 + (0 - 3 - -8)?
2
Let y(f) be the first derivative of -f**4/4 - 28*f**3/3 - 18*f**2 - 54*f + 16. What is the units digit of y(-27)?
9
Let z(k) = -13*k - 10. What is the units digit of z(-1)?
3
What is the tens digit of (-6)/4 - 6*5172/(-48)?
4
Let h(x) = 24*x - 12 + 31 + 19*x. What is the tens digit of h(5)?
3
Let i be -45*-2*2/5. What is the tens digit of 2322/i + (-1)/2?
6
Suppose 69020 = 3*a + 67*a. What is the hundreds digit of a?
9
Let j(s) = 1779*s**3 - 2*s**2 + 4*s - 4. What is the units digit of j(1)?
7
What is the units digit of (-5)/(5*(-7)/21462)?
6
Suppose 0 = -2*t + 4*d + 8, -4*t + 2*d - 8 - 6 = 0. Let x(c) = c**3 + 7*c**2 - c - 8. What is the units digit of x(t)?
4
Let s(y) = -y**2 - 1. Let t(m) = -3*m**2 + 2*m - 11. Let x(w) = -4*s(w) + t(w). Let c(d) = d**3 + 2. Let j be c(-2). What is the units digit of x(j)?
7
Let o = -77 - -82. Suppose -124 = o*n - 414. What is the units digit of n?
8
Let m(n) = -n**2 - 30*n - 6. Let f be m(-12). Suppose -y + 53 = -r + 4*r, 4*r = -5*y + f. What is the units digit of y?
8
Let d be (-723)/(-9)*-3 + 5. Let w = d + 434. What is the units digit of w?
8
Let n be ((-4)/(-6))/((-8)/(-60)). Suppose -2*u + 66 = 3*l, -5*u = n*l - 54 - 51. Suppose -27*p + l*p + 87 = 0. What is the units digit of p?
9
Suppose -3*c + 2*x + 3761 = 0, 3*x - 9 = 6. What is the thousands digit of c?
1
Let w(t) = t**3 + 9*t**2. Let m be w(-9). Suppose -4*f = -m*n - 2*n + 132, 5